t common factor of 555 and 1015539?
111
What is the highest common factor of 134215920 and 4320?
2160
Calculate the highest common factor of 230102 and 2618248.
2234
What is the highest common divisor of 595 and 2800325?
85
Calculate the greatest common factor of 7916 and 13055463.
1979
What is the highest common factor of 224 and 182543760?
112
Calculate the greatest common divisor of 4372 and 86200538.
2186
Calculate the highest common factor of 339495 and 112905.
195
What is the greatest common factor of 2258 and 1038?
2
What is the highest common divisor of 14573960 and 40?
40
Calculate the highest common divisor of 732 and 128868.
12
What is the greatest common divisor of 68 and 67098881?
17
Calculate the greatest common divisor of 170772 and 285684.
1596
What is the greatest common divisor of 27248 and 68?
4
Calculate the greatest common factor of 1463 and 61567429.
1463
Calculate the greatest common divisor of 47064 and 4366776.
1272
What is the greatest common divisor of 20112 and 335472?
48
What is the greatest common factor of 7236 and 321894?
54
Calculate the greatest common factor of 1680 and 14425170.
30
Calculate the greatest common divisor of 49780 and 400.
20
Calculate the highest common divisor of 540 and 40116708.
108
Calculate the highest common factor of 3281280 and 37760.
640
What is the highest common factor of 81078 and 14064?
6
Calculate the highest common factor of 191052 and 6390.
18
Calculate the greatest common factor of 102792 and 18472.
8
Calculate the greatest common divisor of 61938777 and 111.
111
What is the highest common factor of 499937334 and 1074?
1074
Calculate the highest common divisor of 920 and 90298690.
230
Calculate the greatest common divisor of 1334774828 and 2008.
1004
What is the highest common factor of 31904180 and 66220?
1540
What is the highest common divisor of 48893 and 3219416?
3761
What is the highest common factor of 103386620 and 5?
5
Calculate the greatest common factor of 5925290 and 394419.
1801
Calculate the greatest common factor of 242857 and 41147.
23
What is the highest common factor of 3386256 and 24252?
564
What is the greatest common factor of 10027839 and 3914?
19
Calculate the highest common factor of 493172 and 10775276.
3548
Calculate the greatest common divisor of 5054 and 8018.
38
Calculate the greatest common factor of 1831080 and 40.
40
What is the highest common factor of 2409 and 397419?
33
What is the highest common divisor of 46878 and 727350?
78
What is the greatest common factor of 968318 and 104?
26
What is the greatest common factor of 4468278 and 24676?
62
What is the greatest common factor of 22 and 61435968?
22
Calculate the highest common divisor of 13584048 and 72.
24
What is the greatest common factor of 64 and 16756720?
16
What is the highest common divisor of 557297 and 21842?
163
Calculate the greatest common factor of 342236025 and 225.
225
What is the highest common factor of 10632 and 7944?
24
Calculate the greatest common factor of 2417988 and 192.
12
What is the highest common divisor of 212747993 and 321?
107
Calculate the highest common divisor of 4424 and 376138.
14
What is the greatest common divisor of 8244 and 20055820?
916
Calculate the greatest common factor of 11551065 and 1860.
465
What is the greatest common divisor of 10585 and 50895?
145
Calculate the highest common divisor of 2636192 and 4576.
416
Calculate the highest common factor of 17622847 and 11.
11
Calculate the highest common divisor of 1022 and 107856.
14
What is the greatest common divisor of 15911073 and 158841?
2997
Calculate the greatest common divisor of 204680 and 84473.
17
Calculate the greatest common divisor of 3328 and 64571.
13
What is the highest common divisor of 595593 and 622554?
2451
What is the greatest common divisor of 18942560 and 39?
13
Calculate the highest common divisor of 8 and 2237276.
4
Calculate the highest common divisor of 420043078 and 169.
169
Calculate the highest common factor of 11 and 217687954.
11
Calculate the greatest common factor of 144130 and 803474.
406
Calculate the highest common divisor of 215763 and 704283.
4071
What is the greatest common factor of 25191 and 232317?
2799
What is the highest common divisor of 7384780 and 320?
20
What is the greatest common divisor of 474 and 35067?
3
What is the greatest common factor of 36247 and 9163121?
67
Calculate the greatest common divisor of 8725588 and 532008.
3284
Calculate the greatest common factor of 487903 and 917839.
169
What is the highest common divisor of 9716 and 530040?
28
Calculate the highest common divisor of 1426132 and 596.
4
Calculate the highest common factor of 597 and 2412875.
199
What is the highest common divisor of 890 and 165573197?
89
What is the greatest common factor of 33761 and 126594?
13
Calculate the greatest common factor of 1407 and 27298614.
1407
What is the highest common factor of 16250812 and 2358?
262
Calculate the highest common divisor of 10592 and 330608.
16
What is the greatest common divisor of 3820 and 205820?
20
Calculate the highest common factor of 8990 and 3181561.
899
What is the highest common divisor of 10606337 and 2709?
301
Calculate the greatest common factor of 843085 and 35.
5
Calculate the greatest common factor of 106304114 and 126.
14
Calculate the highest common divisor of 115248 and 429.
3
Calculate the greatest common divisor of 3966 and 528198.
6
What is the highest common divisor of 517363 and 259?
7
Calculate the greatest common factor of 95280 and 5481360.
240
What is the highest common factor of 141335 and 6919270?
6145
Calculate the greatest common divisor of 54806860 and 80.
20
Calculate the greatest common divisor of 6975 and 13941.
9
What is the greatest common factor of 1738440 and 8415?
495
Calculate the greatest common divisor of 18250452 and 4356.
396
What is the greatest common divisor of 6067320 and 112?
56
What is the highest common divisor of 14341120 and 1120?
160
Calculate the greatest common divisor of 113015070 and 84.
42
Calculate the greatest common factor of 1068 and 674885754.
534
What is the highest common factor of 499307 and 823665?
1277
What is the highest common factor of 189 and 70288497?
9
Calculate the highest common factor of 56380 and 104780.
20
Calculate the highest common divisor of 2434605 and 94813.
1607
What is the highest common divisor of 101 and 184478621?
101
Calculate the highest common divisor of 6205 and 704497085.
6205
What is the highest common divisor of 31 and 44587734?
31
Calculate the highest common factor of 629251 and 2376756.
373
Calculate the greatest common factor of 1175144626 and 122.
122
What is the highest common divisor of 1860387 and 10761?
633
Calculate the highest common divisor of 2868 and 3149781.
717
Calculate the greatest common divisor of 292 and 289835404.
292
Calculate the highest common divisor of 162176220 and 5796.
828
What is the highest common divisor of 152694 and 32742?
306
What is the greatest common factor of 46980315 and 2034?
1017
What is the highest common divisor of 554610 and 258685?
665
Calculate the greatest common factor of 224153879 and 92417.
7109
Calculate the highest common divisor of 21 and 100379916.
21
Calculate the greatest common divisor of 235206 and 68020.
358
Calculate the highest common divisor of 14720413 and 185.
37
What is the highest common divisor of 21 and 1201403?
7
What is the greatest common factor of 2898336 and 646?
38
What is the greatest common factor of 3240327 and 28907?
211
What is the greatest common divisor of 23652 and 513920?
292
Calculate the highest common factor of 1419 and 25550041.
473
What is the highest common factor of 497 and 47817364?
497
Calculate the greatest common factor of 123222762 and 39.
39
Calculate the greatest common factor of 167761 and 19328.
151
Calculate the highest common divisor of 17231294 and 41188.
2942
What is the highest common divisor of 1168 and 2747720?
584
What is the greatest common divisor of 2190303 and 2349?
9
Calculate the greatest common factor of 33949 and 35804213.
1997
What is the highest common divisor of 112993 and 147174?
19
Calculate the greatest common factor of 67753 and 77.
7
Calculate the highest common divisor of 656 and 3247144.
8
What is the 